 6*l - 3*l, -g*l = -2*d + 10. What is the units digit of d?
2
Suppose 3 = 3*u - 3*o, 3*u + 17 - 2 = -3*o. Let b be 1*(u + 4 + 2). Suppose -5*r + 72 = -2*d, r = b*d - 2*d + 16. What is the units digit of r?
4
Let x(m) = 2*m**2 - 3*m + 1. Let r(w) = w**3 - w. Let o(c) = -4*c**2 + 5*c - 3. Let i(b) = -o(b) - r(b). Let n be i(2). What is the units digit of x(n)?
0
Let w(i) = i. Let z be w(0). Suppose 2*t = -z - 2. What is the units digit of 2/(t/18*-3)?
2
Let g(l) = -l**3 + 11*l**2 - 13*l + 22. What is the tens digit of g(9)?
6
Let n = -12 + 4. Suppose 40 = 2*o - 320. What is the units digit of ((-4)/6)/(n/o)?
5
Suppose 5*b = -0*m - 4*m + 16, -2*b = 3*m - 12. Let w = -11 - b. Let z = 22 + w. What is the tens digit of z?
1
Let j be 4/(24/27)*4. Suppose p = -p + j. What is the units digit of p?
9
Suppose -12*a = 21 - 525. What is the tens digit of a?
4
Let s = 96 + -62. Suppose 0 = c - 3*c + s. What is the tens digit of c?
1
Let t be (-3)/((-2)/(-2))*1. Let h(s) = 5*s**2 + 4*s - 1. Let v be h(t). Let j = v - 13. What is the units digit of j?
9
Let l(k) = 6*k. Let y be l(2). Suppose y = w + 3. What is the units digit of w?
9
Let k(i) be the second derivative of i**4/12 + 9*i**2 + 2*i. Let v be k(0). Suppose -4 + v = 2*d. What is the units digit of d?
7
Suppose -6*r + 10*r - 72 = 0. What is the tens digit of r?
1
Suppose -5*x + 2*x + 8 = 4*w, x = 2*w - 4. Let l be 5/(-2)*(-40)/25. Let m = l - w. What is the units digit of m?
2
Suppose -6*x + 839 - 143 = 0. What is the tens digit of x?
1
Let p(j) = j**3 - 11*j**2 - j + 14. Let c be p(11). Suppose -4*g - r = 3*r - 40, -c*g + 22 = -5*r. What is the units digit of g?
9
Suppose 1 - 4 = -x. Suppose -2*t - 2 = -4*t, k = -5*t + 10. Suppose -x*z + k*z - 12 = 0. What is the units digit of z?
6
Let r = -31 - -59. What is the units digit of r?
8
Suppose -4*l + 5*f = -42, f = -2*l + 3*f + 22. Let x(n) = n**2 - 12*n + 1. What is the tens digit of x(l)?
1
Let n(y) = 9*y + 5. What is the units digit of n(6)?
9
Let y = -55 - -98. Suppose g = 2*z - y, -g + 42 - 9 = 2*z. What is the tens digit of z?
1
Let p = -16 + 4. Let r = 17 + p. What is the units digit of r?
5
Let t(p) = -p**3 - 9*p**2 - 20*p - 6. What is the units digit of t(-6)?
6
Suppose 5*n - 105 - 346 = 2*d, -6 = 2*d. Suppose -5*u + n = -6. What is the units digit of u?
9
Let k(t) = 0 + 20*t**3 + 2 - 3 - t**2 + 2*t. What is the units digit of k(1)?
0
Let o(n) = n**2 + n + 2. Let c be o(0). Suppose 0 = -i - 0*i + c. What is the units digit of i?
2
What is the units digit of (-104)/(-3) + (-5)/(-15)?
5
Let z(o) be the second derivative of o**5/20 + o**4 - 7*o**3/3 - o**2/2 + 8*o. What is the units digit of z(-13)?
2
Let h = 270 - 192. Let s be 1 - 5/(15/h). What is the units digit of s/(-35) + 4/14?
1
What is the hundreds digit of 6/(-8) + (-261)/24*-10?
1
Suppose 725 = 5*s - 0*s. What is the units digit of s?
5
Suppose 3*z = z + 2, -2*z = -4*f + 142. What is the units digit of f?
6
Let p(o) = -o**3 - 5*o**2 - 6*o - 3. Suppose -3*g = -5*k - 14, 3*k + 4*g + 28 = -2*k. Let m be p(k). What is the units digit of 2/m + (-69)/(-15)?
5
Let n(u) = -u**3 + 2*u**2 + 2*u + 3. Let k be n(3). Suppose -5*q = k, 2*y - 55 = -3*y - q. What is the units digit of y?
1
Let d be 9/(-6)*(-12)/9. Suppose 2*s + 30 = d*n, -n + s = 3*n - 51. What is the tens digit of n?
1
Suppose 12*p = 17*p - 135. What is the units digit of p?
7
What is the units digit of (3/9)/((-1)/(-45))?
5
Let x be (6/(-5))/((-2)/40). Suppose 0 = -4*b + b + x. What is the units digit of b?
8
Let l(o) = -3*o - 45. What is the units digit of l(-28)?
9
Let r(w) = -8*w - 2*w**2 - 2*w**2 + 5*w**2. Let n be (-73)/(-7) - 12/28. What is the tens digit of r(n)?
2
Let u = 30 - 29. What is the units digit of 21 - (-4 - -3)/u?
2
Let v(a) = -79*a**3 - 2*a**2 + a + 1. What is the units digit of v(-1)?
7
Suppose v + 0*v - 2 = 0. Let k(s) = -s**3 - 6*s**v + 6*s + 1 + 1 + 0*s**2. What is the units digit of k(-7)?
9
Let z(g) be the first derivative of g**4/6 - g**3/2 + g**2/2 + 4*g + 2. Let f(b) be the first derivative of z(b). What is the tens digit of f(3)?
1
Let b = -204 - -88. Let p = -83 - b. Suppose 0 = 5*v + 2*m - p, -v - 7*m + 2 = -2*m. What is the units digit of v?
7
Let b(g) = -g**3 - 12*g**2 - 2*g + 10. What is the units digit of b(-12)?
4
Let f(z) = z**3 + 7*z**2 - 9*z - 4. Let r be f(-8). Suppose -m = r*h + 3*m - 4, 5*h - 23 = m. Let l = -2 + h. What is the units digit of l?
2
Suppose -6*y + 1170 = -y. What is the hundreds digit of y?
2
Suppose -4*o + 9 = -3. Suppose i - 25 = 5*d, 0 = -i - 4*d + 10 - o. Suppose n + 3*l - 45 = -2*n, 4*l + i = n. What is the units digit of n?
5
Let n be 28/(-35) + (-72)/10. Let v(i) = i**3 + 9*i**2 + 7*i + 2. What is the units digit of v(n)?
0
Let k be -9*(4/6 - 0). Let y = 4 + k. Let q = y + 5. What is the units digit of q?
3
Suppose -2*n + 0*v + 6 = 2*v, -3*n + v = -13. Suppose -m - y + 24 = -4*y, 3 = m + n*y. What is the tens digit of m?
1
What is the units digit of -7*((-6)/21 - 201/7)?
3
Suppose 6*n - 2*n = 16, -b - 63 = -3*n. What is the tens digit of (b + 1)*(-12)/24?
2
Suppose 4*p = 27 + 197. Suppose 3*u - 7*u + p = 0. What is the units digit of u?
4
Let f(x) = x**2 - 3*x + 44. What is the hundreds digit of f(13)?
1
Let z(u) = -2*u**3 - 5*u**2 - 4*u - 3. Let g = 10 + -13. What is the units digit of z(g)?
8
Let b = 18 - 17. What is the units digit of b?
1
Suppose i - 3*i + 56 = 0. What is the tens digit of i?
2
Suppose 4 = -2*n + 24. What is the units digit of n?
0
Suppose -5*n + 6*j - 2*j - 147 = 0, -4*n = -5*j + 114. Let v = -17 - n. Suppose 0 = -0*y + y - v. What is the tens digit of y?
1
Suppose 5*u + 1 = -2*r, 0 = -4*u - 3*r + 1 - 6. Let z(f) = -u - 5*f - f**2 + 3 - 4. What is the units digit of z(-2)?
4
Let c = 2 + -2. What is the units digit of 264/11 + c + -1?
3
Let p = -31 - -59. What is the units digit of p?
8
Suppose 3*a - 209 = -2*l + 2*a, l = -4*a + 108. What is the units digit of l?
4
Let y be 2/(-4 - 28/(-8)). What is the units digit of (-492)/30*10/y?
1
Let z(m) = -m**2 - 10*m - 7. Let t be z(-6). Let u = t - 12. Suppose -2*o + 2*r = -o - 21, u*o - 95 = 5*r. What is the tens digit of o?
1
Suppose 396 = 4*v - u, -4*v - 2*u + 384 = -0*u. What is the units digit of v?
8
Let d = -35 - -57. What is the tens digit of d?
2
Let n(h) = h**2 - 3*h + 4. Let u be n(3). Suppose -u*p - 2*i + 14 = 0, -5*p - 4*i = -36 + 11. What is the units digit of p?
1
Suppose -5 = 4*n - 3*n, 2*j + n - 19 = 0. Let c(v) = v - 9. What is the units digit of c(j)?
3
Let z = -4 + 5. Let c be z/((-1)/(-27)*1). Suppose -6*r + 4*r + 30 = -4*f, 0 = 2*r - 3*f - c. What is the units digit of r?
9
Let l(p) = -p - 5. Let n be -9*((-32)/12)/(-4). What is the units digit of l(n)?
1
What is the tens digit of 43 + -7 + 1*-1?
3
Let h = -16 - -16. Suppose h*t + 4*t - 16 = 0. What is the units digit of t?
4
What is the tens digit of 17 + 3/((-6)/8)?
1
Let q = -161 - -238. What is the tens digit of q?
7
Let d(t) = 2 - 4*t + t + 4*t. Let f be d(0). What is the units digit of f/2 + 0 + 0?
1
Let n(d) = d - 1. Let q(s) = 36*s - 24. Let m(x) = 24*n(x) - q(x). Let v be -1 - ((-2)/1 - -2). What is the units digit of m(v)?
2
Suppose h - 8 = 7. What is the units digit of 1/(-3)*-1*h?
5
What is the units digit of (10 + -9)/((-1)/(-31))?
1
Let c be (-4)/(-18) + 29/(-9). What is the tens digit of ((-16)/c)/(2/6)?
1
Let g be (-10)/(-4) + (-2)/4. What is the units digit of g/(-3) - (-318)/18?
7
Let y(a) = a**3 - 9*a**2 + 9*a - 5. Let s be ((-6)/(-2))/(9/24). What is the units digit of y(s)?
3
Let o = 60 - 36. What is the units digit of (-1)/6 - (-172)/o?
7
Let w be (-3 + -3)*(-2)/(-4). Let p = 8 + w. Suppose v + 72 = p*v. What is the tens digit of v?
1
Suppose 7*h - 20 = 2*h. Let q be (-4)/(-1)*2/h. Suppose 4*z + 5 - 1 = 0, 5 = q*g - 3*z. What is the units digit of g?
1
Suppose -5*q + 3*q + g + 7 = 0, 2*g = -2*q + 10. Suppose -a + q*m = -17, a + 33 = 2*a + 4*m. What is the tens digit of a?
2
Let c(f) = f**2 + 5*f - 5. Let s be c(-6). What is the units digit of -28*((-1)/(-2) - s)?
4
Let z = 142 - 71. What is the tens digit of z?
7
Let c(s) = 12*s + 4. Let t be c(4). Suppose 8*w = 4*w + t. What is the tens digit of w?
1
Suppose 4*t - 3*g - 304 = 2*g, -3*g = 4*t - 272. Let p = 117 - t. What is the tens digit of p?
4
Let i(p) = 